et m(x) = -4*x**3 - 14*x**2 + 127*x + 778. What is m(-6)?
376
Let o(c) = -558*c**3 + 5*c**2 + 21*c - 20. Determine o(1).
-552
Let f(s) = 24172*s + 749290. Give f(-31).
-42
Let v(k) = -7*k**2 - 298*k - 942. Determine v(-23).
2209
Let f(c) = -20*c**2 - 7440*c + 7403. What is f(-373)?
-57
Let s(z) = -z**3 + 88*z**2 - 659*z + 13701. What is s(82)?
7
Let i(f) = -55*f**2 - 4775*f + 863. Determine i(-87).
-7
Let g(w) = 69154*w + 1382931. Determine g(-20).
-149
Let m(u) = -u**3 - 120*u**2 + 495*u - 131. Calculate m(-124).
-7
Let i(v) = -v**3 - 131*v**2 - 387*v + 961. What is i(-128)?
1345
Let h(w) = -1206*w + 25283. What is h(21)?
-43
Let g(v) = v**3 + 79*v**2 + 78*v + 1241. Give g(0).
1241
Let y(v) = 2936*v - 63969. Calculate y(21).
-2313
Let t(g) = -50*g**2 + 980*g + 7917. What is t(-8)?
-3123
Let z(j) = 30*j + 244. Determine z(-16).
-236
Let o(d) = d**2 + 5597*d + 144835. Give o(-26).
-11
Let u(h) = -3*h**3 - 213*h**2 + 227*h + 2239. Determine u(-72).
1447
Let b(w) = w**3 - 142*w**2 - 224*w - 9223. Give b(144).
-7
Let g(n) = -325*n**2 - 26688*n - 3119. Give g(-82).
-3
Let s(n) = 2608*n + 26. Calculate s(-1).
-2582
Let g(b) = -b**3 - 53*b**2 + 82*b + 4961. Calculate g(-52).
-2007
Let z(v) = 40050*v + 1201495. What is z(-30)?
-5
Let n(r) = 134222*r + 268442. Determine n(-2).
-2
Let b(c) = -111729*c + 223449. Calculate b(2).
-9
Let j(s) = -s**3 + 166*s**2 - 3207*s + 860. Calculate j(22).
2
Let a(x) = x**2 - 36617*x + 329464. Calculate a(9).
-8
Let s(w) = 3234*w - 941013. Calculate s(291).
81
Let o(f) = f**2 - 6829*f + 102153. Calculate o(15).
-57
Let b(g) = 765*g + 688. Give b(-3).
-1607
Let r(g) = 236*g + 12023. Give r(-52).
-249
Let j(w) = 27*w**2 - 193*w + 20. What is j(7)?
-8
Let u(m) = -230*m**3 - 2*m**2 - 77*m - 76. Determine u(-1).
229
Let m(c) = 178*c - 4582. Calculate m(25).
-132
Let d(h) = -1635*h + 16740. What is d(10)?
390
Let n(s) = s**3 - 103*s**2 - 110*s + 407. Determine n(104).
-217
Let q(n) = -n**2 - 229*n - 8450. Calculate q(-49).
370
Let l(b) = -b**3 - 92*b**2 - 598*b - 73. Give l(-7).
-52
Let z(n) = -n**3 - 141*n**2 + 1969*n - 3086. What is z(-154)?
1996
Let k(c) = -1552*c - 272974. What is k(-176)?
178
Let d(h) = -43*h - 3176. What is d(-35)?
-1671
Let t(d) = 362*d + 7610. Give t(-25).
-1440
Let j(k) = -4*k**2 - 2*k + 453. Calculate j(-10).
73
Let d(l) = 2313*l + 275267. Give d(-119).
20
Let x(j) = 125*j**2 - 1683*j + 753. Give x(13).
-1
Let z(b) = b**2 - 3935*b + 35278. What is z(9)?
-56
Let g(r) = -6*r**3 + 82*r**2 - 20*r + 4. Calculate g(14).
-668
Let i(f) = 58*f**3 - 5394*f**2 + 101*f - 9397. Calculate i(93).
-4
Let v(b) = -b**3 + 4875*b**2 + 24406*b - 1. Determine v(-5).
-31
Let a(t) = -5*t**3 - 34*t**2 + 135*t + 95. Determine a(5).
-705
Let n(j) = -14*j**2 + 645*j - 3310. Give n(40).
90
Let l(u) = -u**3 + 181*u**2 + 952*u - 39235. What is l(185)?
-15
Let h(q) = -q**3 + 48*q**2 + 838*q - 38656. Calculate h(49).
5
Let f(r) = -683*r + 85080. Calculate f(125).
-295
Let i(r) = -34*r**2 - 688*r - 8. What is i(-20)?
152
Let k(g) = -23*g + 730. What is k(-38)?
1604
Let r(f) = -f**3 - 10*f**2 + 158*f + 911. What is r(-6)?
-181
Let r(o) = 6545*o + 39276. What is r(-6)?
6
Let w(v) = 8620*v - 94757. Give w(11).
63
Let d(t) = -2*t**3 + 610*t**2 + 1829*t + 5870. What is d(308)?
18
Let l(p) = -15*p**2 + 565*p - 4608. Calculate l(12).
12
Let m(p) = -3*p**3 - 12*p**2 + 171*p - 1119. Calculate m(7).
-1539
Let o(u) = 548*u**2 - 1081*u - 87. Give o(2).
-57
Let i(j) = 168*j**2 + 39335*j + 5418. Give i(-234).
36
Let h(b) = 43852*b - 3376716. What is h(77)?
-112
Let l(x) = 5015*x - 1043118. Give l(208).
2
Let z(t) = 58371*t + 149. What is z(0)?
149
Let q(m) = m**2 + 75*m - 6947. Give q(-128).
-163
Let v(r) = -2402*r - 61072. Determine v(-26).
1380
Let a(f) = 28461*f + 1366125. What is a(-48)?
-3
Let h(x) = -30*x**2 - 768*x + 11832. Give h(15).
-6438
Let s(v) = -61*v - 737. Calculate s(-11).
-66
Let b(c) = -1028*c**2 + 432786*c + 837. Determine b(421).
-5
Let u(t) = -1775*t + 19522. Give u(11).
-3
Let t(r) = 5*r**3 + 231*r**2 + 2093*r + 709. Determine t(-34).
63
Let w(i) = i**2 + 841*i - 679731. What is w(505)?
-1
Let f(b) = b**2 - 1100*b + 237917. What is f(804)?
-67
Let j(q) = -11*q**2 - 80*q + 30. Calculate j(-10).
-270
Let p(y) = -9*y**2 - 113*y + 10255. Give p(28).
35
Let n(x) = x**3 - 464*x**2 - 398*x - 31306. What is n(465)?
-151
Let x(u) = 3*u**2 - 6499*u + 77819. Give x(12).
263
Let z(y) = y**3 - 6*y**2 - 998*y + 75. Determine z(35).
670
Let u(g) = -g**3 + 27*g**2 + 13*g - 400. What is u(24)?
1640
Let v(d) = -101533*d + 507513. Give v(5).
-152
Let l(q) = -379*q - 21784. Give l(-51).
-2455
Let u(o) = -14*o**2 - 17*o + 77. Determine u(2).
-13
Let r(b) = 33065*b + 297572. Calculate r(-9).
-13
Let f(l) = -1654*l - 19604. Give f(-12).
244
Let v(f) = 54207*f - 704804. Determine v(13).
-113
Let y(i) = 29814*i + 4859674. Calculate y(-163).
-8
Let d(h) = -312*h**2 + 10634*h - 10630. Give d(1).
-308
Let h(y) = -757*y - 78812. Give h(-104).
-84
Let r(p) = -262*p - 1355. Determine r(-6).
217
Let q(k) = k**2 - 311*k + 23699. Calculate q(125).
449
Let g(p) = -31407*p**2 - 94206*p + 8. What is g(-3)?
-37
Let z(h) = -20489*h - 307361. What is z(-15)?
-26
Let o(w) = 4*w**2 + 53*w - 295. Determine o(-12).
-355
Let q(t) = -2*t**2 - 2999*t + 51559. Give q(17).
-2
Let t(w) = 12735*w - 76467. Determine t(6).
-57
Let q(a) = -23*a**2 + 234*a - 3. What is q(9)?
240
Let y(d) = 37739*d + 301855. What is y(-8)?
-57
Let y(k) = k**2 + 861*k - 192151. Calculate y(184).
129
Let t(l) = -3*l**3 + 25*l**2 + 52*l - 289. Calculate t(9).
17
Let w(q) = 3448*q - 37964. What is w(11)?
-36
Let m(x) = -x**3 + 5*x**2 + 746*x + 4614. What is m(-6)?
534
Let r(d) = 85456*d + 5383721. What is r(-63)?
-7
Let b(n) = -1712*n - 11535. Calculate b(-7).
449
Let n(a) = 685*a - 93243. Calculate n(136).
-83
Let s(n) = 137*n**3 - 4*n**2 + 3*n + 8. Calculate s(-1).
-136
Let h(o) = -72*o + 10016. Determine h(143).
-280
Let y(u) = -569*u**2 - 13*u + 12. Give y(1).
-570
Let n(o) = 372*o - 83366. What is n(224)?
-38
Let y(n) = 250*n - 49718. Give y(199).
32
Let k(u) = 4*u**3 - 6*u**2 + 18*u - 99. Give k(6).
657
Let p(h) = -h**3 - 3728*h**2 + 173610*h - 278. Calculate p(46).
-2
Let b(u) = -2*u**3 - 206*u**2 - 2367*u - 2379. Calculate b(-90).
51
Let h(k) = -k**2 + 12651*k + 673318. Calculate h(-53).
6
Let c(p) = p**3 - 52*p**2 + 339*p + 426. Calculate c(44).
-146
Let f(p) = 19408*p - 640397. What is f(33)?
67
Let w(z) = -11*z**3 + 81*z**2 + 71*z - 662. Determine w(7).
31
Let k(w) = 124*w + 75902. Determine k(-611).
138
Let m(s) = 2*s**3 - 98*s**2 + 870*s - 37150. Give m(48).
2
Let r(x) = -22467*x - 1145815. Determine r(-51).
2
Let g(q) = 2*q**2 + 508*q + 5877. Give g(-11).
531
Let z(s) = -1423*s + 129256. Determine z(91).
-237
Let i(l) = -58*l**3 + 7*l**2 - 71*l + 160. Calculate i(3).
-1556
Let v(d) = 2*d**3 - 291*d**2 + 1488*d + 7324. Calculate v(140).
44
Let q(z) = 20*z**3 + 11993*z**2 + 11979*z - 15. Determine q(-1).
-21
Let c(f) = -13739*f + 51905. Give c(4).
-3051
Let f(w) = -1709*w - 46141. Determine f(-27).
2
Let x(b) = b**3 + 35*b**2 + 109*b + 2202. Calculate x(-34).
-348
Let q(b) = -147250*b - 588993. Give q(-4).
7
Let g(q) = -1875*q - 29140. Determine g(-15).
-1015
Let i(v) = 38*v - 1905. What is i(50)?
-5
Let c(g) = -3398*g + 129123. Calculate c(38).
-1
Let p(j) = 7506*j + 360333. Determine p(-48).
45
Let h(j) = j**2 + 256*j + 11508. Determine h(-195).
-387
Let m(k) = k**3 + 21381*k**2 - 235315*k + 4. Give m(11).
-29
Let f(k) = 4*k**3 - 2775*k**2 - 2766*k + 8. Calculate f(-1).
-5
Let t(w) = w**2 + 263968*w - 2375783. Determine t(9).
10
Let y(z) = 1615*z + 16069. What is y(-10)?
-81
Let a(u) = 610762*u + 7939904. Determine a(-13).
-2
Let y(q) = -q**3 + 10*q**2 + 55*q - 340. Calculate y(5).
60
Let a(b) = 13*b**2 - 1481*b + 4274. Calculate a(111).
56
Let i(v) = 11582*v - 5246641. What is i(453)?
5
Let t(c) = -c**2 + 27*c + 6619. Calculate t(-69).
-5
Let h(f) = f**3 - f**2 - 11895*f - 23787. Calculate h(-2).
-9
Let r(f) = -f**2 + 466*f - 2850. Determine r(6).
-90
Let g(i) = -45*i + 4569. Determine g(87).
654
Let c(z) = z**3 + 32*z**2 - 4634*z - 538. Calculate c(54).
2
Let t(n) = -n**3 + 4*n**2 + 850*n + 4203. Give t(-24).
-69
Let k(u) = -4*u**3 + 14*u**2 - 7*u + 216. Determine k(5).
31
Let s